 8*c = 2*q + 5*c - 123, -3*c + 162 = x*q. Calculate the greatest common divisor of 570 and q.
57
Suppose 0 = 14*k + 69 - 419. What is the greatest common factor of k and 475?
25
Suppose -31 = 4*h - 223. Suppose 3*d - 88 = -16. Suppose -3*u + 19 = 4*n + 4, -d = -5*n - 2*u. What is the highest common factor of n and h?
6
Let w(a) = 11*a**2 - 11*a - 2. Let p be w(-8). What is the highest common divisor of 10 and p?
10
Suppose 0 = -143*p + 141*p + 14. Calculate the greatest common factor of p and 4.
1
Suppose -5*d = -2*j - 415, 4*j + 66 = d - 35. What is the highest common divisor of d and 99?
9
Let p = 4 - -49. Suppose -3*x + p = -16. Calculate the greatest common divisor of x and 46.
23
Suppose -188 = -7*b + 3*b. Calculate the greatest common divisor of b and 47.
47
Suppose -3 = -2*c + 13. Suppose -3*w + 13 = 2*u, -2*u = 3*w - u - c. Let i be (37 + -1)/w + -2. What is the greatest common divisor of i and 17?
17
Let d be (-6)/(-75) + 6854/575. Let v = 10 - 6. Calculate the highest common factor of d and v.
4
Let r(m) = 2*m + 140. Let j be r(-37). Calculate the greatest common divisor of j and 176.
22
Suppose -77 = -4*p + 55. Suppose -24*k + 15147 = 27*k. What is the highest common divisor of p and k?
33
Suppose -658 = -79*q + 32*q. Calculate the greatest common factor of 273 and q.
7
Suppose -5*q + 1143*i + 982 = 1147*i, 0 = -q + 5*i + 208. Suppose 51 = 3*g + 3*n, 5*n = -g + 5*g - 77. What is the greatest common divisor of q and g?
18
Suppose 2*o = 24 + 98. Let n = o + -60. What is the greatest common factor of 2 and n?
1
Let h be ((-6)/8)/((-25)/800). What is the highest common divisor of 24 and h?
24
Suppose j - 46 = -6. Let l = -35 + j. Let b be (1 + 0)/(l/105). Calculate the highest common divisor of 14 and b.
7
Let j(d) = d - 6. Let l be j(8). Suppose -l = -0*h - h. Suppose -18 = -i + 3*p + 3, -h*i + 39 = -5*p. Calculate the highest common divisor of i and 4.
4
Suppose -5*g + 10*g - 4*h = 91, 5*h = 3*g - 65. Let u = 30 + 75. What is the greatest common divisor of u and g?
15
Suppose -5*o + 234 = -2*p + 733, 3*p + 5*o = 761. Suppose 76*h - 1344 = 28*h. What is the greatest common divisor of h and p?
28
Let l be (10/30)/(1/(-51)). Let a = 21 + l. What is the highest common factor of 8 and a?
4
Let b(y) = -y**3 - 7*y**2 - 3*y - 6. Let d be b(-7). Let s = 15 - 9. Calculate the highest common divisor of s and d.
3
Let z be (-3)/(((-9)/4)/(5 + -2)). Let l be (-3*z/15)/(2/(-70)). Let d = -14 + 28. What is the greatest common divisor of l and d?
14
Let j = 100 + 179. What is the greatest common factor of 18 and j?
9
Let u be (32/(-5))/(7 + 185/(-25)). Calculate the greatest common factor of u and 64.
16
Let w be (2 - -2)*-1 + -934. Let m be (-4)/5 + w/(-35). Calculate the highest common factor of m and 286.
26
Suppose 2*m - 17 = 3*o, -4*m + 4*o = 17 - 57. What is the greatest common factor of 52 and m?
13
Let k = 353 + -192. Suppose 223 = i + 4*j, i - 57 - k = -3*j. Suppose -4*c + 24 + 92 = 0. Calculate the highest common factor of c and i.
29
Let k be (1 + (-66)/(-4))*1008/588. What is the highest common divisor of k and 15?
15
Let g = -2016 + 1149. Let q be (-1)/9 - g/27. What is the greatest common divisor of 32 and q?
32
Suppose 18*h = 9*h + 81. Suppose 1 - h = 4*x, -68 = -2*w - 3*x. Calculate the greatest common divisor of w and 37.
37
Let m = -6 + 11. Suppose 2*l = -m*n + 35, 0*l = -3*n - l + 20. Let w = n + 4. What is the greatest common factor of w and 99?
9
Suppose 0*n = 3*n - 33. Let i(f) = 2*f - 34. Let d(j) = -2*j + 33. Let c(s) = 5*d(s) + 4*i(s). Let q be c(-13). What is the greatest common factor of q and n?
11
Let v = 1269 - 813. Let b be v/36 + 4/(-6). Calculate the highest common divisor of b and 18.
6
Suppose -3*j - 56 = -11. Let f = j - -21. Calculate the greatest common divisor of 24 and f.
6
Let s be (15/(-9) + 3)/((-2)/39). Let q = s + 125. What is the highest common factor of q and 9?
9
Suppose 5 = 5*f, -2*v + 5*f - 3 = -6. Suppose -14 = -v*k - 2. Calculate the highest common divisor of 9 and k.
3
Suppose 2*v - 39 = 3*w, 3*v + 0*w + 2*w - 91 = 0. Suppose 2*u = v - 9. What is the greatest common divisor of u and 27?
9
Let d = 1887 + -1779. What is the greatest common divisor of 162 and d?
54
Let m be -2*(-3)/(-24) + (-66)/(-8). Suppose -3*b + 61 = -m. Calculate the greatest common factor of b and 46.
23
Let d(x) = 37*x**2 - 3*x. Let n be d(-2). What is the greatest common factor of 66 and n?
22
Suppose -10*k + 8091 = -18669. What is the highest common factor of 12 and k?
12
Let w be (740/(-6))/(5/(-15)). Suppose 4*o - w + 70 = 0. Let y be 2/(-3) + (-376)/(-24). What is the greatest common factor of y and o?
15
Let m = -178 - -218. Calculate the greatest common factor of 104 and m.
8
Suppose -2*l - w + 237 = -0*w, 4*l + 4*w = 472. Suppose -8468 + 28256 = 222*j + 166*j. What is the highest common factor of l and j?
17
Let a(u) = u**3 + 4*u**2 - 3*u + 10. Let b be 162/(-36) + 1/(-2). Let r be a(b). Suppose r = 2*k - 93 + 21. What is the greatest common factor of k and 4?
4
Let s(i) = 6*i**3 + 2*i - 3. Let o = -23 - -26. Suppose o*k + 2*u - 3 - 3 = 0, 5*u = -k + 2. Let b be s(k). Calculate the highest common divisor of b and 7.
7
Let w = -3 - -3. Suppose w*v + 150 = 3*v. Calculate the highest common divisor of v and 10.
10
Let j = 2395 - 2233. Calculate the highest common divisor of j and 114.
6
Let x = 95 + -88. Suppose -x*u + 672 = -4*u. Calculate the greatest common factor of u and 32.
32
Let j(y) = y**3 - 3*y**2 - 41*y + 8. Let d be j(-4). Calculate the greatest common factor of 100 and d.
20
Let d = -956 - -1073. Calculate the greatest common factor of 18 and d.
9
Let d = -276 + 280. Suppose -4*g + 2*g + 4*l + 4 = 0, -l + 2 = g. Suppose 3*t + g*w = 22, -w - 2*w + 19 = t. Calculate the highest common factor of d and t.
4
Suppose 38*v - 43*v = -110. Calculate the highest common factor of 429 and v.
11
Let o = 17 + 43. Suppose 104 = -5*f + 854. Calculate the highest common divisor of f and o.
30
Suppose 16*i + 7560 = 28*i. What is the greatest common divisor of i and 63?
63
Let w = -23 - -40. Let t(p) = p - 5. Let l be t(7). Suppose -l*x + w = -x. Calculate the highest common factor of x and 17.
17
Let k be (-22)/(-11) + (-1 - 2). Let t(n) = -31*n**3 + n**2 - n - 1. Let y be t(k). Calculate the highest common factor of 24 and y.
8
Suppose -5*a = -2*q + 7*q - 135, 0 = 2*q - a - 63. Calculate the greatest common divisor of 250 and q.
10
Let t(v) = -v**3 - 4*v**2 + 4*v + 5. Let j be t(-5). Let q(u) = 10*u - 4. Let y be q(-5). Let r = y - -79. Calculate the greatest common divisor of r and j.
5
Let v be 37*-1*(0 + 1). Let h = -54 - v. Let l = 34 + h. What is the highest common divisor of l and 102?
17
Suppose 5*p + 3*t - t - 248 = 0, 3*t = 5*p - 228. Suppose -6*k = -9*k + p. Let j = -177 + 305. What is the greatest common divisor of k and j?
16
Suppose -2*k = 5*s - s - 4, 24 = 3*k - 3*s. Suppose k*d - d - 50 = 0. What is the greatest common factor of 80 and d?
10
Suppose -7*s = -23 - 187. Suppose -5*q + 635 + 565 = 0. Calculate the highest common divisor of s and q.
30
Let y(h) = h**2 + h + 2. Let b be -5*(1 + 24/(-15)). Let v be y(b). Suppose 0 = 2*r - r - v. Calculate the greatest common divisor of 98 and r.
14
Let w be -14*(-10)/35*35/4. What is the highest common divisor of w and 665?
35
Suppose 1770 = 9*d + 69. What is the highest common divisor of d and 168?
21
Suppose 0 = -23*l + 28*l - 55. Calculate the greatest common factor of l and 297.
11
Let w = -481 - -496. Calculate the greatest common divisor of w and 5.
5
Suppose 2*z + 3*f + 12 = 25, f = 3. Let h = 15 - -7. Calculate the greatest common factor of z and h.
2
Suppose -85*x + 96*x = 1320. Calculate the greatest common factor of x and 15.
15
Let i = 212 - -134. Let o = i - 241. What is the greatest common divisor of o and 35?
35
Let w(j) = -2*j**2 - 27*j + 7. Let n be w(-15). Let g = n - -82. What is the highest common factor of g and 4?
4
Let m = 493 - 473. What is the highest common factor of 740 and m?
20
Suppose m + 3 = d, -2*m + 4*d = -4*m - 18. Let z be 3 - (-1 + 2)*m. Let o = -28 + 52. What is the highest common divisor of z and o?
8
Suppose -130*x + 134*x - 960 = 0. Calculate the highest common divisor of x and 30.
30
Let r(w) = -w**3 - 76*w**2 - 79*w**2 + 1